7.
587, 1601
What are the prime factors of 3286151?
11, 17, 17573
What are the prime factors of 194719?
7, 27817
What are the prime factors of 358548?
2, 3, 29879
List the prime factors of 3044298.
2, 3, 507383
List the prime factors of 324563.
463, 701
List the prime factors of 859321.
859321
List the prime factors of 968819.
968819
List the prime factors of 74525.
5, 11, 271
List the prime factors of 326261.
13, 25097
What are the prime factors of 323900?
2, 5, 41, 79
List the prime factors of 15846416.
2, 227, 4363
List the prime factors of 77725.
5, 3109
What are the prime factors of 1531936?
2, 7, 977
What are the prime factors of 5044497?
3, 67, 25097
What are the prime factors of 781217?
781217
What are the prime factors of 20013505?
5, 17, 173, 1361
List the prime factors of 331692.
2, 3, 131, 211
What are the prime factors of 112718?
2, 56359
List the prime factors of 271491.
3, 11, 19, 433
List the prime factors of 12525196.
2, 3131299
What are the prime factors of 281765?
5, 11, 47, 109
What are the prime factors of 1576818?
2, 3, 17, 5153
List the prime factors of 1574358.
2, 3, 131, 2003
List the prime factors of 3496801.
7, 11, 45413
What are the prime factors of 7094435?
5, 41, 34607
What are the prime factors of 395000?
2, 5, 79
List the prime factors of 21679506.
2, 3, 373, 3229
What are the prime factors of 2208756?
2, 3, 11, 29, 577
List the prime factors of 36373.
36373
What are the prime factors of 674255?
5, 134851
List the prime factors of 17745246.
2, 3, 17, 57991
List the prime factors of 94439.
94439
What are the prime factors of 827329?
151, 5479
List the prime factors of 81459.
3, 7, 431
What are the prime factors of 6928107?
3, 53, 43573
List the prime factors of 354051.
3, 31, 47
List the prime factors of 2214232.
2, 276779
What are the prime factors of 11538334?
2, 821, 7027
What are the prime factors of 8128?
2, 127
What are the prime factors of 665833?
7, 73, 1303
List the prime factors of 155504.
2, 9719
List the prime factors of 111174.
2, 3, 7, 2647
List the prime factors of 62803.
13, 4831
What are the prime factors of 22873069?
107, 241, 887
List the prime factors of 3389348.
2, 37, 22901
What are the prime factors of 340913?
340913
List the prime factors of 18281.
101, 181
List the prime factors of 309965.
5, 47, 1319
What are the prime factors of 1107478?
2, 157, 3527
List the prime factors of 406669.
53, 7673
What are the prime factors of 306174?
2, 3, 11, 4639
What are the prime factors of 273879?
3, 30431
List the prime factors of 337411.
337411
List the prime factors of 306372.
2, 3, 11, 211
What are the prime factors of 6765846?
2, 3, 1127641
What are the prime factors of 1668448?
2, 17, 3067
What are the prime factors of 140530?
2, 5, 13, 23, 47
What are the prime factors of 9250151?
1123, 8237
List the prime factors of 10336401.
3, 1148489
What are the prime factors of 9983208?
2, 3, 19, 21893
List the prime factors of 182955.
3, 5, 12197
List the prime factors of 6028069.
6028069
List the prime factors of 5179811.
7, 13, 56921
List the prime factors of 2344992.
2, 3, 13, 1879
List the prime factors of 2086998.
2, 3, 19, 18307
List the prime factors of 1089474.
2, 3, 107, 1697
What are the prime factors of 44925?
3, 5, 599
What are the prime factors of 516126?
2, 3, 13, 509
What are the prime factors of 989747?
11, 89977
List the prime factors of 6084607.
211, 28837
List the prime factors of 98390.
2, 5, 9839
List the prime factors of 4622071.
313, 14767
List the prime factors of 2865243.
3, 37, 83, 311
What are the prime factors of 1907546?
2, 953773
List the prime factors of 2724532.
2, 37, 41, 449
List the prime factors of 275629.
101, 2729
List the prime factors of 1582190.
2, 5, 17, 41, 227
What are the prime factors of 144919?
313, 463
What are the prime factors of 289912?
2, 7, 31, 167
List the prime factors of 1015130.
2, 5, 101513
List the prime factors of 3109807.
23, 135209
List the prime factors of 491158.
2, 241, 1019
What are the prime factors of 41278600?
2, 5, 11, 29, 647
List the prime factors of 31645059.
3, 10548353
What are the prime factors of 99155?
5, 7, 2833
List the prime factors of 197750.
2, 5, 7, 113
List the prime factors of 11371912.
2, 17, 83617
What are the prime factors of 16854138?
2, 3, 7, 97, 197
What are the prime factors of 76058?
2, 17, 2237
List the prime factors of 32752894.
2, 163, 100469
List the prime factors of 783885.
3, 5, 52259
List the prime factors of 127465.
5, 13, 37, 53
What are the prime factors of 368292?
2, 3, 47, 653
What are the prime factors of 3619137?
3, 131, 9209
What are the prime factors of 2882642?
2, 7, 19, 10837
List the prime factors of 10662070.
2, 5, 71, 15017
List the prime factors of 125116.
2, 31, 1009
List the prime factors of 26701658.
2, 13350829
List the prime factors of 351096.
2, 3, 14629
What are the prime factors of 112143?
3, 29, 1289
List the prime factors of 7863.
3, 2621
List the prime factors of 582359.
191, 3049
What are the prime factors of 451798?
2, 223, 1013
List the prime factors of 756278.
2, 61, 6199
List the prime factors of 28233.
3, 3137
What are the prime factors of 5483192?
2, 11, 13, 4793
What are the prime factors of 37999?
13, 37, 79
What are the prime factors of 8423657?
11, 43, 1619
List the prime factors of 108698.
2, 17, 23, 139
What are the prime factors of 6006783?
3, 313, 6397
What are the prime factors of 619503?
3, 206501
What are the prime factors of 11745475?
5, 7, 41, 1637
What are the prime factors of 209681?
307, 683
List the prime factors of 29678016.
2, 3, 154573
What are the prime factors of 18618?
2, 3, 29, 107
List the prime factors of 670679.
617, 1087
List the prime factors of 4988723.
23, 216901
List the prime factors of 16667134.
2, 11, 23, 32939
List the prime factors of 11566361.
11566361
What are the prime factors of 1200881?
11, 109171
What are the prime factors of 2151575?
5, 89, 967
What are the prime factors of 1080624?
2, 3, 47, 479
List the prime factors of 703526.
2, 351763
List the prime factors of 18477062.
2, 17, 419, 1297
What are the prime factors of 877474?
2, 13, 33749
List the prime factors of 349243.
37, 9439
List the prime factors of 4903111.
4903111
What are the prime factors of 126149?
101, 1249
What are the prime factors of 7233347?
11, 17, 47, 823
What are the prime factors of 1892004?
2, 3, 157667
List the prime factors of 11279850.
2, 3, 5, 139, 541
What are the prime factors of 68287?
23, 2969
What are the prime factors of 196344?
2, 3, 101
List the prime factors of 2265761.
2265761
List the prime factors of 1120014.
2, 3, 7, 2963
What are the prime factors of 22967310?
2, 3, 5, 765577
List the prime factors of 4463571.
3, 7, 17, 12503
List the prime factors of 1278250.
2, 5, 5113
List the prime factors of 494216.
2, 163, 379
What are the prime factors of 16385962?
2, 8192981
List the prime factors of 19174180.
2, 5, 23, 73, 571
List the prime factors of 509894.
2, 7, 11, 43
List the prime factors of 6708867.
3, 11, 263, 773
List the prime factors of 3112685.
5, 373, 1669
List the prime factors of 542056.
2, 67757
List the prime factors of 1579682.
2, 13, 60757
What are the prime factors of 8920615?
5, 11, 241, 673
What are the prime factors of 1363922?
2, 7, 97423
What are the prime factors of 10253220?
2, 3, 5, 170887
List the prime factors of 510641.
563, 907
What are the prime factors of 4422821?
13, 83, 4099
List the prime factors of 8314039.
19, 29, 79, 191
List the prime factors of 945734.
2, 47, 10061
List the prime factors of 936945.
3, 5, 47, 443
List the prime factors of 592017.
3, 197339
List the prime factors of 3213755.
5, 19, 33829
What are the prime factors of 1945370?
2, 5, 7, 27791
What are the prime factors of 11888651?
11888651
What are the prime factors of 77851?
127, 613
List the prime factors of 1669639.
23, 229, 317
List the prime factors of 628886.
2, 383, 821
What are the prime factors of 5043258?
2, 3, 11, 25471
List the prime factors of 526818.
2, 3, 87803
List the prime factors of 79528.
2, 9941
What are the prime factors of 1094886?
2, 3, 13, 4679
List the prime factors of 95218.
2, 47609
What are the prime factors of 1808853?
3, 602951
List the prime factors of 13790121.
3, 4596707
List the prime factors of 98893